en 15066 is divided by 71.
14
What is the remainder when 1386 is divided by 125?
11
What is the remainder when 1077 is divided by 511?
55
What is the remainder when 4650 is divided by 65?
35
What is the remainder when 168097 is divided by 828?
13
What is the remainder when 11045 is divided by 44?
1
What is the remainder when 173019 is divided by 1055?
1054
What is the remainder when 29884 is divided by 19?
16
Calculate the remainder when 1003 is divided by 586.
417
Calculate the remainder when 13096 is divided by 2041.
850
Calculate the remainder when 7651 is divided by 1705.
831
What is the remainder when 161594 is divided by 57?
56
Calculate the remainder when 184467 is divided by 1452.
63
What is the remainder when 927275 is divided by 98?
97
Calculate the remainder when 229425 is divided by 76453.
66
Calculate the remainder when 12532 is divided by 2086.
16
Calculate the remainder when 49 is divided by 42.
7
What is the remainder when 751 is divided by 631?
120
Calculate the remainder when 3789 is divided by 44.
5
Calculate the remainder when 244936 is divided by 81639.
19
Calculate the remainder when 23701 is divided by 23667.
34
Calculate the remainder when 50940 is divided by 811.
658
What is the remainder when 3590 is divided by 27?
26
Calculate the remainder when 431927 is divided by 55.
12
What is the remainder when 998685 is divided by 244?
237
Calculate the remainder when 11527 is divided by 5749.
29
What is the remainder when 385212 is divided by 38?
6
Calculate the remainder when 1949 is divided by 444.
173
What is the remainder when 13358 is divided by 2?
0
What is the remainder when 493 is divided by 249?
244
What is the remainder when 4027 is divided by 286?
23
What is the remainder when 2938 is divided by 2896?
42
Calculate the remainder when 502077 is divided by 167357.
6
What is the remainder when 13180 is divided by 163?
140
What is the remainder when 5834 is divided by 26?
10
What is the remainder when 669966 is divided by 5317?
24
What is the remainder when 38626 is divided by 261?
259
What is the remainder when 20966 is divided by 6979?
29
Calculate the remainder when 4840 is divided by 167.
164
Calculate the remainder when 153192 is divided by 11.
6
What is the remainder when 12987 is divided by 111?
0
What is the remainder when 53241 is divided by 48?
9
Calculate the remainder when 46711 is divided by 386.
5
What is the remainder when 52419 is divided by 17458?
45
Calculate the remainder when 6375 is divided by 1243.
160
Calculate the remainder when 234959 is divided by 3.
2
Calculate the remainder when 1443 is divided by 116.
51
What is the remainder when 92689 is divided by 18525?
64
Calculate the remainder when 261560 is divided by 941.
903
What is the remainder when 38056 is divided by 470?
456
What is the remainder when 9421 is divided by 410?
401
Calculate the remainder when 1083 is divided by 43.
8
Calculate the remainder when 53819 is divided by 17936.
11
What is the remainder when 143437 is divided by 28?
21
What is the remainder when 5921 is divided by 844?
13
Calculate the remainder when 5750 is divided by 358.
22
Calculate the remainder when 1233 is divided by 14.
1
Calculate the remainder when 10223 is divided by 35.
3
What is the remainder when 42807 is divided by 37?
35
What is the remainder when 3875 is divided by 969?
968
Calculate the remainder when 79 is divided by 44.
35
Calculate the remainder when 9606 is divided by 1574.
162
Calculate the remainder when 923803 is divided by 2.
1
Calculate the remainder when 274 is divided by 272.
2
Calculate the remainder when 28076 is divided by 186.
176
Calculate the remainder when 133507 is divided by 79.
76
Calculate the remainder when 18965 is divided by 13.
11
Calculate the remainder when 1757 is divided by 474.
335
What is the remainder when 85282 is divided by 42617?
48
What is the remainder when 2440202 is divided by 874?
868
What is the remainder when 7467 is divided by 946?
845
Calculate the remainder when 4402253 is divided by 611.
609
Calculate the remainder when 432388 is divided by 426.
424
What is the remainder when 2925957 is divided by 659?
656
Calculate the remainder when 3196615 is divided by 1658.
1649
What is the remainder when 23667 is divided by 23656?
11
Calculate the remainder when 37679 is divided by 477.
473
What is the remainder when 50943 is divided by 443?
441
Calculate the remainder when 563 is divided by 285.
278
Calculate the remainder when 3501 is divided by 1166.
3
What is the remainder when 782941 is divided by 1611?
1606
What is the remainder when 10330 is divided by 3350?
280
Calculate the remainder when 488251 is divided by 122062.
3
Calculate the remainder when 342279 is divided by 67.
43
Calculate the remainder when 30108 is divided by 14965.
178
Calculate the remainder when 5463 is divided by 610.
583
Calculate the remainder when 5660 is divided by 763.
319
What is the remainder when 1014887 is divided by 56?
55
What is the remainder when 18244 is divided by 442?
122
What is the remainder when 19129 is divided by 9555?
19
Calculate the remainder when 1983 is divided by 101.
64
Calculate the remainder when 580797 is divided by 400.
397
Calculate the remainder when 5136 is divided by 1694.
54
What is the remainder when 9778 is divided by 1932?
118
What is the remainder when 463848 is divided by 10?
8
Calculate the remainder when 5092 is divided by 102.
94
Calculate the remainder when 175 is divided by 29.
1
What is the remainder when 8222 is divided by 68?
62
What is the remainder when 275379 is divided by 562?
561
What is the remainder when 45425 is divided by 295?
290
What is the remainder when 4863 is divided by 4735?
128
Calculate the remainder when 8744 is divided by 39.
8
What is the remainder when 170907 is divided by 263?
220
Calculate the remainder when 36002 is divided by 3593.
72
Calculate the remainder when 2942 is divided by 118.
110
What is the remainder when 2372 is divided by 17?
9
What is the remainder when 11552 is divided by 5775?
2
Calculate the remainder when 17056 is divided by 304.
32
What is the remainder when 110474 is divided by 147?
77
Calculate the remainder when 34114 is divided by 12.
10
What is the remainder when 2181 is divided by 2173?
8
Calculate the remainder when 113110 is divided by 24.
22
Calculate the remainder when 8635 is divided by 1038.
331
What is the remainder when 44675 is divided by 3190?
15
What is the remainder when 401241 is divided by 133743?
12
What is the remainder when 25907 is divided by 158?
153
Calculate the remainder when 6858 is divided by 1670.
178
What is the remainder when 9597 is divided by 795?
57
What is the remainder when 11964 is divided by 1020?
744
What is the remainder when 129334 is divided by 317?
315
Calculate the remainder when 221 is divided by 137.
84
Calculate the remainder when 128017 is divided by 41.
15
What is the remainder when 243 is divided by 93?
57
Calculate the remainder when 31385 is divided by 2241.
11
What is the remainder when 1888 is divided by 1801?
87
What is the remainder when 17916 is divided by 1968?
204
What is the remainder when 35620 is divided by 292?
288
What is the remainder when 1428 is divided by 78?
24
Calculate the remainder when 66757 is divided by 33.
31
What is the remainder when 775 is divided by 59?
8
Calculate the remainder when 15330 is divided by 2027.
1141
What is the remainder when 444904 is divided by 908?
892
What is the remainder when 58262 is divided by 34?
20
Calculate the remainder when 1862 is divided by 44.
14
Calculate the remainder when 784116 is divided by 112015.
11
Calculate the remainder when 51208 is divided by 132.
124
Calculate the remainder when 29572 is divided by 167.
13
Calculate the remainder when 2696 is divided by 299.
5
Calculate the remainder when 88064 is divided by 161.
158
What is the remainder when 167682 is divided by 137?
131
What is the remainder when 101677 is divided by 3631?
9
Calculate the remainder when 127823 is divided by 1131.
20
What is the remainder when 1245 is divided by 543?
159
Calculate the remainder when 1762 is divided by 436.
18
Calculate the remainder when 45733 is divided by 4564.
93
Calculate the remainder when 1869 is divided by 470.
459
Calculate 